se -5*y + 4*d = -18, 6*y + d = y + 8. Let t(j) = j**2 + 2*j - 29. Let v be t(-7). Let n(z) = -4*z + 72*z**y + v*z + 5*z - 73*z**2 - 3. Calculate n(3).
9
Let u(y) = -y - 11 - y**2 - 9*y + 31. Let q be u(-12). Let v be (6 + q)*(-1 - (-2)/4). Let l(n) = 15*n**3 - n**2. Determine l(v).
-16
Let k(j) be the third derivative of 11*j**4/24 + j**3/6 - j**2. Let v = -134 + 127. Let q be -1 - -1 - (-2 - (-8 - v)). Determine k(q).
12
Let k(i) = 10*i - 1. Let y(c) = -c**3 - 4*c**2 - 2*c - 2. Let j be y(-3). Let f(a) = 8*a + 39. Let l be f(j). Give k(l).
-11
Let l be 1/3 - 720/54. Let t(q) = q**2 + 12*q - 20. What is t(l)?
-7
Let f(m) = -54*m + 52. Let s be f(4). Let k = s + 172. Let j(d) = -d**2 + 8*d. Determine j(k).
0
Let x(y) = 1940*y + 2003*y + 7 - 3941*y. Give x(9).
25
Let i(j) be the third derivative of j**6/360 + j**5/15 + 3*j**4/8 - 30*j**3 + 27*j**2. Let q(y) be the first derivative of i(y). Give q(-6).
-3
Let k(t) = 4*t - 27. Let h be 11 + (-12 - 7/((-21)/18)). Suppose -16 + 56 = h*s. Calculate k(s).
5
Let c(k) = k**3 + 14*k**2 + 13*k + 7. Suppose 0 = 11*o - 17*o - 30. Let p(y) = -y**3 - 7*y**2 - 10*y - 13. Let u be p(o). Calculate c(u).
7
Let r(l) = -8*l - 102. Let y(m) = -5*m - 297. Let v be y(-57). Calculate r(v).
-6
Let n(p) = 118 + p**2 - 177 + 0*p**2 + 128 + 15*p. Give n(-9).
15
Let f(m) be the second derivative of -m**4/4 + 7*m**3/6 - 19*m**2/2 + 8788*m. Calculate f(6).
-85
Let x be 1/(-2)*(-8 + 2). Let j(g) = 0 + 19741*g + 4 - 19746*g + 0 + 0. What is j(x)?
-11
Suppose -4*b + 147 = 123. Let r be (7/(-4) - 4/16)/(-1). Let z(p) = 9*p**3 - p**2 + 6*p**r + p + 5*p - 10*p**3. Calculate z(b).
0
Suppose -156*b + 26*b - 780 = 0. Let z(r) = -34*r + 21*r + 14*r. What is z(b)?
-6
Suppose -22*u = 12*u - 4216. Let i = -124 + u. Let o(h) = -h**3 - h**2 - 7. Give o(i).
-7
Let d(c) be the third derivative of c**4/12 - c**3/6 - 23*c**2. Let y(p) = p + 5. Let r(i) = 1. Let j(u) = 5*r(u) - y(u). Let b(s) = d(s) - 6*j(s). Give b(-1).
-9
Let c(w) be the first derivative of w**2 + 1. Let j be (-820)/(-492)*(7 - 376/40). Give c(j).
-8
Suppose -11 = -4*a + 9. Let r(f) = 187*f + 10. Let m(q) = 40*q + 2. Let k(o) = 14*m(o) - 3*r(o). Calculate k(a).
-7
Let p = 50 + -52. Let q be -1 - -4 - (p + (2 - -1)). Let a(z) = -22*z - z**3 + 29*z + 6*z**q + 0*z**3 + 1. Calculate a(7).
1
Let a(f) = -f**2 + 1. Let d(c) = -4*c + 3. Suppose 0 = -z - 3*z, 3*z = -5*n + 10. Let o be d(n). Give a(o).
-24
Let g(m) = m**2 - 18*m - 32. Let r be g(-5). Let c(o) = 0 - 1 + 17 + 3 + 82*o - r*o. What is c(0)?
19
Let a(s) = s**3 - 7*s**2 - 3*s + 3. Let z(c) = 5*c - 7. Let g be z(-4). Let r be g/(-18) + (-38)/4. Let y(x) = -x**2 - 12*x - 25. Let k be y(r). Give a(k).
-18
Let n(p) = -2*p**2 - 19*p. Suppose -2*r + 3 = 3*q, -5*r = -3*q - 0*q - 39. Let b(f) = -2*f**2 - 19*f - 2. Let v(k) = r*b(k) - 7*n(k). Determine v(-10).
-2
Let l(i) = 558*i + 545*i - 1104*i. Let f = -3 - -7. Suppose -p - 3 = -f*c + 21, -2*c + 10 = 0. Give l(p).
4
Let t(y) = 3*y**2 + 16*y - 10. Let x be ((-1582)/(-1808))/(2/(-16)). Give t(x).
25
Let l(h) = 11*h + 5. Let j(y) = -y - 1. Let d = -78 + 72. Let g(v) = d*j(v) - l(v). Suppose -3*a = -0*a + 3. Give g(a).
6
Let t(b) = 2*b + 5. Suppose -14*z - 898 - 1860 = 0. Let g = z + 190. Give t(g).
-9
Suppose -37 = 2*x - 3*q + 8*q, 0 = -2*x - q - 17. Let y(r) = 86*r**3 + 0 - 1 - 8*r - 85*r**3 - 89*r**2 + 33*r**2 + 28*r**2 + 33*r**2. Calculate y(x).
11
Let s = 3 + -1. Let l(o) = 60*o + 279. Let t(r) = 33*r + 155. Let u(n) = 5*l(n) - 9*t(n). What is u(s)?
6
Suppose 0 = -s - 2*w + 111, 3*w - 446 + 113 = -3*s. Let o(a) = 232 - s - 120 - a. What is o(6)?
-5
Let t(n) be the first derivative of n**4/2 + 8*n**3/3 - n**2/2 - 8*n + 642. Give t(-4).
-4
Let o(z) = -23*z - 22. Let l(a) = -37*a - 33. Suppose 8*x + 30 = -10. Let j(d) = x*l(d) + 8*o(d). What is j(12)?
1
Let d(m) = -m**2 - 8*m. Let g be (-4 + -1)/(-12 + -2 + 13). Suppose -16*h - 99 = -g*h. Give d(h).
-9
Let i(t) be the third derivative of -t**6/120 + t**5/20 + t**4/12 - 2*t**3/3 + 12*t**2. Let a = -32 + 48. Suppose -7*m + a = -12. Calculate i(m).
-12
Suppose 0 = i - 6*i + 15. Suppose i - 21 = -6*c. Let r(h) = -c + 4 + 0 - 4*h + 0. Give r(-3).
13
Let f(k) = 427*k + 847. Let o be f(-2). Let n(q) = -q**3 - 6*q**2 + 2*q - 12. Determine n(o).
23
Suppose -69 = -7*r - 16*r. Suppose -x + 3*z - 13 + r = 0, 5*x - z + 36 = 0. Let g(s) = -2*s + 8. Determine g(x).
22
Let v be 7*(0 - 8/(-28)) + -2. Suppose 0*z - z + 14 = v. Suppose 3*n + 15 = -4*u + 3, 5*n - z = -u. Let s(w) = -w**3 - 5*w**2 + 6*w + 3. Determine s(u).
3
Let k(h) = -h**2 - 7*h - 43. Let i(r) = 2*r**2 + 16*r + 91. Let z(l) = -6*i(l) - 13*k(l). Calculate z(4).
9
Suppose 0 = -6*w + 10 + 2. Let f(l) = -6*l**2 + w + 6*l**2 - 4*l**2 + 5*l**2 + 8*l. What is f(-7)?
-5
Let o(i) = 6*i - 82. Let b(u) = -4*u + 55. Let h = -1060 + 1065. Let n(j) = h*o(j) + 7*b(j). Calculate n(11).
-3
Let w(b) = -17*b + 3. Let n be w(4). Let s be 4/(-84)*6 - 900/(-14). Let d = n + s. Let t(k) = -4*k + 1. Calculate t(d).
5
Suppose s - 5*v - 7 = 0, 9 = 3*s + 2*s + v. Let u(t) = -202*t**s + 28*t**3 + 201*t**2 - 27*t**3 + 3 - 8*t. Give u(3).
-3
Let c be 1/(((-8)/(-6))/4). Let d(n) = -7*n**3 + n - 3. Let f(x) = 79859*x**2 + 2*x - 79859*x**2 - 14*x**3 - 5. Let u(k) = c*f(k) - 5*d(k). What is u(-1)?
6
Suppose 3*a - 29 = 130. Let n = -38 + a. Suppose 2*k = n - 17. Let m(f) = 2*f. What is m(k)?
-2
Let l(y) be the third derivative of y**4/12 - 13*y**3/6 - 4*y**2 + 19. Calculate l(-4).
-21
Let h(q) = q**2 - 26 - 2978*q + 1498*q + 1493*q + 2. Calculate h(-13).
-24
Let a(h) = 3*h**2 - 13*h - 50. Suppose 0 = -3*b + n - 46 + 68, -4*n = 5*b - 31. Determine a(b).
6
Let o(r) = -r**3 - 2*r**2 - r + 1. Let z be o(-2). Suppose -100 - 466 = -m. Let j(x) = -m + x - 3*x + 285 + 284. Determine j(z).
-3
Let h(a) = -a**2 + 8*a + 108. Let d be h(15). Let q(i) = 7*i**2 - d - 3*i**2 - 4 + 2*i + 0*i - 5*i**2 - i**3. Calculate q(-3).
5
Let z = -53 + 62. Let f(j) = -100*j**3 + j**2 + 6*j**2 + 204*j**3 - z - 103*j**3 - 4*j. Determine f(-7).
19
Let s(l) = 21*l**3 + 66*l**2 - 46*l - 178. Let a(j) = -13*j**3 - 44*j**2 + 31*j + 119. Let w(k) = 8*a(k) + 5*s(k). Determine w(21).
-1
Let r = -535 - -324. Let f = r - -210. Let n(d) = d + 1. What is n(f)?
0
Let i(o) = o**2 - 3*o - 49. Let j(y) = 4*y**2 - 7*y - 147. Let q(l) = 8*i(l) - 3*j(l). Let c(s) be the first derivative of q(s). Determine c(-5).
37
Let m(f) = 2*f**3 - 19*f**2 - 12*f + 22. Let t be m(10). Let r(g) be the first derivative of 0*g**2 + 14 + 1/3*g**3 + 3*g. Give r(t).
7
Let h(s) be the second derivative of -s**5/20 - 3*s**4/4 + s**3/6 + s**2/2 - 3010*s. Let q be 6/(-27) - 8/(-36). Let c be -9*(q - (-2 - -1)). Determine h(c).
-8
Let x(c) = c + 8. Let v = 100 - 116. Let q be v/56 + 1/(7/23). Suppose -p = q + 6. Give x(p).
-1
Let p(i) = -29*i - 223. Let d be ((-3)/(-8))/((-621)/13248). Determine p(d).
9
Let d be (-6)/(24/14)*2 + 2 + 2. Let m(n) = -n**3 - 14*n**2 - 25*n - 3. Calculate m(d).
-27
Suppose 5*s - 364 = -21*s. Let a(n) = -n + 11. Give a(s).
-3
Let r = 7406 + -7405. Let h(l) = 25*l**2 + l + 7. Let u(c) = 12*c**2 + 3. Let f(g) = 2*h(g) - 5*u(g). Give f(r).
-9
Suppose -4*n + 3 = -5*n. Suppose -5*b = -6*b + 3. Let v(h) = -h**b - 7*h**2 + 1 - 4*h + h**2 + 3*h**2. Determine v(n).
13
Suppose 0 = 4*i + 47 - 159. Let u be (-3)/(-1)*i/(-42). Let a(k) = -2*k**3 - 3*k**2 - k - 1. Determine a(u).
5
Suppose x - 180 = -115. Let d(c) = -2 + 4 + 1 - 8*c**2 + 66*c**3 + 8*c - x*c**3. Calculate d(7).
10
Let p be -6*((-12)/(-3) - (-1 + 6)). Let h(q) = -q**3 - 7*q**2 - 6*q. Let f(l) = l**3 + 6*l**2 + 5*l + 1. Let d(j) = p*f(j) + 5*h(j). Determine d(0).
6
Let h(x) be the second derivative of x**5/20 - 2*x**4/3 - 4*x**3/3 - 13*x**2/2 - 2*x - 1353. Calculate h(9).
-4
Let n = 93 - 83. Suppose 5*d = 3*q + 6, -2*q - 3*q - n = -3*d. Let w(y) = -y**3 - y**2 + y + 15. Determine w(d).
15
Let s be (2 - (-12)/(-7)) + 108/14. Let l be -1*s - (-11 - -7). Let y(k) = k**3 + 2*k**2 - 2*k - 5. What is y(l)?
-29
Suppose 34*y = 28*y - 12. Let q be (7 + -11)/(y - (-4)/3). Let h(t) = -3 - 7 + t**2 - 4*t + 3. What is h(q)?
5
Let r(s) = -5*s**2 + 18*s - 16. Let t(y) = 6*y**2 - 20*y + 15. Let q(c) = 5*r(c) + 4*t(c). What is q(8)?
-4
Let b(m) = 149*m - 18 - m**3 + 160*m + 141*m - 22*m**2 - 536*m. Calculate b(-17).
-1
Let w b